when 25655 is divided by 950.
5
Calculate the remainder when 171 is divided by 133.
38
Calculate the remainder when 14685 is divided by 962.
255
What is the remainder when 3450 is divided by 687?
15
Calculate the remainder when 30182 is divided by 8.
6
Calculate the remainder when 128384 is divided by 45.
44
Calculate the remainder when 12044 is divided by 355.
329
Calculate the remainder when 45140 is divided by 1321.
226
Calculate the remainder when 2704 is divided by 219.
76
What is the remainder when 43757 is divided by 573?
209
Calculate the remainder when 111278 is divided by 45.
38
Calculate the remainder when 32214 is divided by 1296.
1110
What is the remainder when 2878 is divided by 913?
139
Calculate the remainder when 5853 is divided by 31.
25
Calculate the remainder when 377719 is divided by 10.
9
Calculate the remainder when 14992 is divided by 840.
712
Calculate the remainder when 3595953 is divided by 1036.
1033
What is the remainder when 2569 is divided by 25?
19
What is the remainder when 2255 is divided by 727?
74
What is the remainder when 1782 is divided by 866?
50
What is the remainder when 27138 is divided by 25?
13
Calculate the remainder when 117607 is divided by 38.
35
What is the remainder when 552243 is divided by 1241?
1239
What is the remainder when 8670 is divided by 5?
0
What is the remainder when 48067 is divided by 16016?
19
Calculate the remainder when 9525 is divided by 2356.
101
What is the remainder when 587387 is divided by 737?
735
Calculate the remainder when 19580 is divided by 30.
20
Calculate the remainder when 17276 is divided by 8636.
4
Calculate the remainder when 360371 is divided by 15.
11
What is the remainder when 2673 is divided by 160?
113
Calculate the remainder when 208348 is divided by 51.
13
Calculate the remainder when 315339 is divided by 1651.
1649
Calculate the remainder when 6569 is divided by 1101.
1064
Calculate the remainder when 104326 is divided by 7.
5
What is the remainder when 263306 is divided by 262?
258
Calculate the remainder when 21839 is divided by 93.
77
What is the remainder when 90 is divided by 57?
33
Calculate the remainder when 6358 is divided by 355.
323
Calculate the remainder when 78790 is divided by 168.
166
What is the remainder when 490908 is divided by 7?
5
What is the remainder when 151214 is divided by 140?
14
What is the remainder when 1160 is divided by 45?
35
Calculate the remainder when 14506 is divided by 549.
232
What is the remainder when 21725 is divided by 16?
13
What is the remainder when 5845 is divided by 77?
70
Calculate the remainder when 6337 is divided by 92.
81
Calculate the remainder when 4844 is divided by 350.
294
What is the remainder when 667 is divided by 76?
59
What is the remainder when 1123 is divided by 331?
130
What is the remainder when 1146 is divided by 48?
42
Calculate the remainder when 1533768 is divided by 22.
16
What is the remainder when 1282981 is divided by 9?
4
Calculate the remainder when 1766826 is divided by 356.
354
Calculate the remainder when 3224 is divided by 634.
54
Calculate the remainder when 802 is divided by 144.
82
Calculate the remainder when 847 is divided by 338.
171
Calculate the remainder when 5449 is divided by 69.
67
Calculate the remainder when 64459 is divided by 28.
3
Calculate the remainder when 15804 is divided by 633.
612
What is the remainder when 909019 is divided by 860?
859
What is the remainder when 14173457 is divided by 28?
25
What is the remainder when 50613 is divided by 7229?
10
Calculate the remainder when 28179 is divided by 9387.
18
What is the remainder when 16140 is divided by 125?
15
Calculate the remainder when 22215 is divided by 4442.
5
Calculate the remainder when 19824 is divided by 735.
714
What is the remainder when 86922 is divided by 701?
699
Calculate the remainder when 12610 is divided by 51.
13
What is the remainder when 1198 is divided by 47?
23
Calculate the remainder when 953954 is divided by 284.
282
What is the remainder when 20937 is divided by 216?
201
Calculate the remainder when 2913 is divided by 30.
3
Calculate the remainder when 542285 is divided by 9.
8
Calculate the remainder when 9626 is divided by 130.
6
What is the remainder when 388828 is divided by 3161?
25
What is the remainder when 871 is divided by 746?
125
Calculate the remainder when 10217 is divided by 330.
317
What is the remainder when 770 is divided by 223?
101
Calculate the remainder when 554 is divided by 4.
2
What is the remainder when 115376 is divided by 57679?
18
What is the remainder when 5674 is divided by 80?
74
Calculate the remainder when 121313 is divided by 1733.
3
What is the remainder when 29563 is divided by 673?
624
What is the remainder when 1839694 is divided by 103?
11
What is the remainder when 5472 is divided by 2729?
14
Calculate the remainder when 4045 is divided by 989.
89
What is the remainder when 781 is divided by 174?
85
Calculate the remainder when 444 is divided by 145.
9
What is the remainder when 9163 is divided by 4572?
19
What is the remainder when 14062 is divided by 68?
54
What is the remainder when 4738 is divided by 2263?
212
Calculate the remainder when 190076 is divided by 528.
524
What is the remainder when 20089 is divided by 321?
187
Calculate the remainder when 5902 is divided by 107.
17
What is the remainder when 42518 is divided by 14?
0
Calculate the remainder when 3943 is divided by 93.
37
Calculate the remainder when 4956 is divided by 67.
65
Calculate the remainder when 68195 is divided by 68.
59
What is the remainder when 2166 is divided by 2113?
53
Calculate the remainder when 19585 is divided by 1632.
1
Calculate the remainder when 74123 is divided by 29.
28
Calculate the remainder when 102533 is divided by 142.
9
What is the remainder when 5207 is divided by 5179?
28
What is the remainder when 127988 is divided by 63986?
16
Calculate the remainder when 32928 is divided by 392.
0
Calculate the remainder when 672 is divided by 332.
8
Calculate the remainder when 44461 is divided by 1434.
7
What is the remainder when 110952 is divided by 55476?
0
What is the remainder when 61541 is divided by 20505?
26
What is the remainder when 53695 is divided by 17893?
16
Calculate the remainder when 442363 is divided by 94.
93
Calculate the remainder when 1245 is divided by 37.
24
What is the remainder when 3751 is divided by 135?
106
What is the remainder when 202024 is divided by 260?
4
What is the remainder when 3420 is divided by 438?
354
What is the remainder when 60216 is divided by 4?
0
What is the remainder when 5914 is divided by 35?
34
What is the remainder when 51990 is divided by 268?
266
What is the remainder when 2471899 is divided by 38?
37
Calculate the remainder when 319 is divided by 51.
13
Calculate the remainder when 241846 is divided by 4.
2
What is the remainder when 8204 is divided by 616?
196
Calculate the remainder when 3423 is divided by 153.
57
Calculate the remainder when 28959 is divided by 362.
361
What is the remainder when 16745 is divided by 7?
1
Calculate the remainder when 25565 is divided by 205.
145
Calculate the remainder when 11076 is divided by 1574.
58
Calculate the remainder when 24374 is divided by 75.
74
Calculate the remainder when 14221 is divided by 1462.
1063
What is the remainder when 14771 is divided by 115?
51
What is the remainder when 22259 is divided by 159?
158
What is the remainder when 33886 is divided by 33?
28
Calculate the remainder when 32515 is divided by 11.
10
Calculate the remainder when 661051 is divided by 101.
6
What is the remainder when 92553 is divided by 116?
101
Calculate the remainder when 101676 is divided by 288.
12
What is the remainder when 4748 is divided by 366?
356
Calculate the remainder when 249910 is divided by 56.
38
What is the remainder when 14363 is divided by 519?
350
What is the remainder when 5700 is divided by 124?
120
What is the remainder when 1702 is divided by 10?
2
Calculate the remainder when 1948 is divided by 29.
5
What is the remainder when 90336 is divided by 502?
478
Calculate the remainder when 7833 is divided by 407.
100
What is the remainder when 69173 is divided by 132?
5
Calculate the remainder when 149974 is divided by 75.
49
What is